{"id":11622,"date":"2015-09-16T10:20:09","date_gmt":"2015-09-16T10:20:09","guid":{"rendered":"http:\/\/designgroup.nazwa.pl\/nowyork\/?page_id=11622"},"modified":"2015-09-30T22:25:37","modified_gmt":"2015-09-30T20:25:37","slug":"promocje","status":"publish","type":"page","link":"https:\/\/nowyork.pl\/index.php\/promocje\/","title":{"rendered":"Promocje"},"content":{"rendered":"<p>Przy pierwszej wizycie dla \u00a0pupila NIESPODZIANKA !!!!!<\/p>\n<p>Ka\u017cdy klient przy pierwszej wizycie w salonie otrzymuje kart\u0119 sta\u0142ego klienta,<br \/>\nuprawniaj\u0105c\u0105 do atrakcyjnych zni\u017cek .<\/p>\n<p>np: \u00a05 wizyta &#8211; k\u0105piel\u00a0\u00a0 GRATIS!<\/p>\n<p>10 wizyta &#8211; \u00a020% \u00a0RABAT!<\/p>\n<p>Do ka\u017cdego strzy\u017cenia:<\/p>\n<p>\u2192 perfumowanie; \u00a0 \u00a0 \u00a0 \u00a0 \u00a0\u00a0\u00a0 GRATIS!<br \/>\n\u2192 obcinanie pazurk\u00f3w; \u00a0 \u00a0 \u00a0 \u00a0\u00a0\u00a0 GRATIS!<br \/>\n\u2192 piel\u0119gnacja oczu i uszu \u00a0 \u00a0 \u00a0 \u00a0 \u00a0 \u00a0 \u00a0\u00a0 GRATIS!<\/p>\n<p>NOWO\u015a\u0106!<br \/>\nKARNETY :<\/p>\n<p>&#8222;K\u0105piel psiaka&#8221;<\/p>\n<p>2 za 1 -dwie wizyty w miesi\u0105cu,a p\u0142acisz za jedn\u0105 (ma\u0142e rasy)<\/p>\n<p>&#8222;Czesanie kotka&#8221;<\/p>\n<p>2 za 1-dwie wizyty w miesi\u0105cu,a p\u0142acisz za jedn\u0105<\/p>\n<p>To MY pami\u0119tamy o wizytach Waszych pupili!<br \/>\nDzwonimy lub wysy\u0142amy wiadomo\u015b\u0107 SMS z informacj\u0105 o zbli\u017caj\u0105cym si\u0119 terminie wizyty w salonie.<\/p>\n","protected":false},"excerpt":{"rendered":"<p>Przy pierwszej wizycie dla \u00a0pupila NIESPODZIANKA !!!!! Ka\u017cdy klient przy pierwszej wizycie w salonie otrzymuje kart\u0119 sta\u0142ego klienta, uprawniaj\u0105c\u0105 do atrakcyjnych zni\u017cek . np: \u00a05 wizyta &#8211; k\u0105piel\u00a0\u00a0 GRATIS! 10 wizyta &#8211; \u00a020% \u00a0RABAT! Do ka\u017cdego strzy\u017cenia: \u2192 perfumowanie; \u00a0 \u00a0 \u00a0 \u00a0 \u00a0\u00a0\u00a0 GRATIS! \u2192 obcinanie pazurk\u00f3w; \u00a0 \u00a0 \u00a0 \u00a0\u00a0\u00a0 GRATIS! \u2192 piel\u0119gnacja [&hellip;]<\/p>\n","protected":false},"author":1,"featured_media":0,"parent":0,"menu_order":0,"comment_status":"closed","ping_status":"closed","template":"","meta":[],"_links":{"self":[{"href":"https:\/\/nowyork.pl\/index.php\/wp-json\/wp\/v2\/pages\/11622"}],"collection":[{"href":"https:\/\/nowyork.pl\/index.php\/wp-json\/wp\/v2\/pages"}],"about":[{"href":"https:\/\/nowyork.pl\/index.php\/wp-json\/wp\/v2\/types\/page"}],"author":[{"embeddable":true,"href":"https:\/\/nowyork.pl\/index.php\/wp-json\/wp\/v2\/users\/1"}],"replies":[{"embeddable":true,"href":"https:\/\/nowyork.pl\/index.php\/wp-json\/wp\/v2\/comments?post=11622"}],"version-history":[{"count":2,"href":"https:\/\/nowyork.pl\/index.php\/wp-json\/wp\/v2\/pages\/11622\/revisions"}],"predecessor-version":[{"id":11704,"href":"https:\/\/nowyork.pl\/index.php\/wp-json\/wp\/v2\/pages\/11622\/revisions\/11704"}],"wp:attachment":[{"href":"https:\/\/nowyork.pl\/index.php\/wp-json\/wp\/v2\/media?parent=11622"}],"curies":[{"name":"wp","href":"https:\/\/api.w.org\/{rel}","templated":true}]}}